{"id":403,"date":"2026-02-12T23:49:08","date_gmt":"2026-02-12T20:49:08","guid":{"rendered":"http:\/\/localhost:10016\/?page_id=403"},"modified":"2026-04-06T13:44:26","modified_gmt":"2026-04-06T13:44:26","slug":"bizden-haberler","status":"publish","type":"page","link":"https:\/\/test.cariboucoffee.com.tr\/?page_id=403","title":{"rendered":"Bizden Haberler"},"content":{"rendered":"\n<h2 class=\"wp-block-heading\">1. Perakende G\u00fcnleri\u2019nde Bir Araya Geldik<\/h2>\n\n\n\n<p>29\u201330 May\u0131s tarihlerinde Hali\u00e7 Kongre Merkezi\u2019nde ger\u00e7ekle\u015fen Perakende G\u00fcnleri, sekt\u00f6r\u00fcn farkl\u0131 payda\u015flar\u0131n\u0131 bir araya getirirken, bizim i\u00e7in de \u00f6nemli bir bulu\u015fma noktas\u0131 oldu. Caribou Coffee MENA ve T\u00fcrkiye CEO\u2019su ile T\u00fcrkiye Genel M\u00fcd\u00fcr\u00fc\u2019n\u00fcn kat\u0131l\u0131m\u0131yla ger\u00e7ekle\u015fen bulu\u015fmada, bas\u0131n mensuplar\u0131yla markan\u0131n T\u00fcrkiye\u2019deki konumlanmas\u0131 ve gelecek vizyonu \u00fczerine kapsaml\u0131 bir sohbet ger\u00e7ekle\u015ftirildi. Bu bulu\u015fmada \u00f6ne \u00e7\u0131kan en \u00f6nemli ba\u015fl\u0131klardan biri, Caribou Coffee\u2019nin yaln\u0131zca b\u00fcy\u00fcyen bir kahve zinciri de\u011fil; deneyim, s\u00fcrd\u00fcr\u00fclebilirlik ve topluluk odakl\u0131 bir marka olarak konumlanmas\u0131yd\u0131. T\u00fcrkiye\u2019deki b\u00fcy\u00fcme yakla\u015f\u0131m\u0131m\u0131z\u0131n merkezinde ise her zaman ayn\u0131 fikir yer al\u0131yor: bulundu\u011fumuz pazar\u0131 anlamak ve o deneyimi do\u011fru \u015fekilde yeniden kurmak.<br>Bizim i\u00e7in bu t\u00fcr bulu\u015fmalar, yaln\u0131zca markam\u0131z\u0131 anlatmak de\u011fil; ayn\u0131 zamanda sekt\u00f6rle birlikte d\u00fc\u015f\u00fcnmek ve ortak bir de\u011fer \u00fcretmek anlam\u0131na geliyor.<\/p>\n\n\n\n<h2 class=\"wp-block-heading\">2. Birlikte B\u00fcy\u00fcyen Bir Yap\u0131<\/h2>\n\n\n\n<p>Caribou Coffee T\u00fcrkiye olarak b\u00fcy\u00fcmeyi yaln\u0131zca ma\u011faza say\u0131s\u0131yla tan\u0131mlam\u0131yoruz. Bizim i\u00e7in as\u0131l b\u00fcy\u00fcme, birlikte de\u011fer \u00fcretebildi\u011fimiz alanlarda ger\u00e7ekle\u015fiyor. \u0130nsan odakl\u0131 yakla\u015f\u0131m\u0131m\u0131z, att\u0131\u011f\u0131m\u0131z her ad\u0131m\u0131n merkezinde yer al\u0131yor. \u0130SMEK ve \u0130\u015eKUR i\u015f birlikleriyle hayata ge\u00e7irdi\u011fimiz barista e\u011fitim programlar\u0131, gen\u00e7lerin ve kariyerine yeni bir y\u00f6n vermek isteyen bireylerin hayat\u0131na dokunuyor. Bu programlar sayesinde kat\u0131l\u0131mc\u0131lar yaln\u0131zca mesleki beceri kazanmakla kalm\u0131yor, ayn\u0131 zamanda i\u015f hayat\u0131na daha g\u00fc\u00e7l\u00fc bir ba\u015flang\u0131\u00e7 yapma f\u0131rsat\u0131 buluyor.<br>Ayn\u0131 zamanda 45 ya\u015f \u00fczeri kad\u0131n istihdam\u0131n\u0131 destekleyen projelerle daha kapsay\u0131c\u0131 ve dengeli bir yap\u0131 kurmay\u0131 hedefliyoruz. \u00c7\u00fcnk\u00fc biz, s\u00fcrd\u00fcr\u00fclebilir b\u00fcy\u00fcmenin ancak birlikte m\u00fcmk\u00fcn oldu\u011funa inan\u0131yoruz.<\/p>\n\n\n\n<h2 class=\"wp-block-heading\">3. Yerelden \u0130lham Alan Bir Kahve Yakla\u015f\u0131m\u0131<\/h2>\n\n\n\n<p>Caribou Coffee olarak global bir markan\u0131n par\u00e7as\u0131 olsak da, bulundu\u011fumuz her pazar\u0131 kendi dinamikleriyle ele al\u0131yoruz. T\u00fcrkiye\u2019deki yolculu\u011fumuz da bu anlay\u0131\u015fla \u015fekilleniyor.<br>Bug\u00fcn Caribou Coffee, yaln\u0131zca kahve sunan bir marka de\u011fil; bulundu\u011fu co\u011frafyan\u0131n al\u0131\u015fkanl\u0131klar\u0131n\u0131 anlayan ve buna g\u00f6re kendini yeniden yorumlayan bir yap\u0131 olarak konumlan\u0131yor. T\u00fcrkiye\u2019de att\u0131\u011f\u0131m\u0131z ad\u0131mlar, bu yakla\u015f\u0131m\u0131n g\u00fc\u00e7l\u00fc bir yans\u0131mas\u0131.<br>Men\u00fcden ma\u011faza deneyimine kadar uzanan bu yerelle\u015fme s\u00fcrecinde, T\u00fcrk damak tad\u0131na uyum sa\u011flayan \u00fcr\u00fcnler geli\u015ftirirken, ayn\u0131 zamanda global kalite standartlar\u0131m\u0131z\u0131 koruyoruz. B\u00f6ylece her fincanda tan\u0131d\u0131k bir kaliteyi, yerel bir dokunu\u015fla bulu\u015fturuyoruz.<br>Bu yakla\u015f\u0131m sayesinde, klasik kahve \u00e7e\u015fitlerinin yan\u0131 s\u0131ra T\u00fcrk damak tad\u0131na hitap eden \u00f6zg\u00fcn i\u00e7ecekler de men\u00fcde yer buluyor. \u00d6rne\u011fin, kahveyle harmanlanan farkl\u0131 aromalar ya da yeni nesil ihtiya\u00e7lara cevap veren \u00fcr\u00fcnler, bu yerelle\u015fme stratejisinin bir par\u00e7as\u0131.<br>Ancak de\u011fi\u015fmeyen bir \u015fey var: odakta her zaman kahvenin kendisi. T\u00fcm \u00fcr\u00fcn \u00e7e\u015fitlili\u011fine ra\u011fmen, as\u0131l ama\u00e7 kaliteli kahveyi en do\u011fru \u015fekilde sunmak.<\/p>\n\n\n\n<h2 class=\"wp-block-heading\">4. S\u00fcrd\u00fcr\u00fclebilirlik Bir Tercih De\u011fil, Yakla\u015f\u0131m<\/h2>\n\n\n\n<p>Caribou Coffee\u2019de s\u00fcrd\u00fcr\u00fclebilirlik bir ba\u015fl\u0131k de\u011fil, i\u015f yap\u0131\u015f \u015feklimizin do\u011fal bir par\u00e7as\u0131. G\u00fcnl\u00fck operasyonlar\u0131m\u0131zdan uzun vadeli stratejilerimize kadar her noktada bu yakla\u015f\u0131m\u0131 g\u00f6zetiyoruz.<br>%100 Rainforest Alliance sertifikal\u0131 kahve \u00e7ekirdekleriyle \u00e7al\u0131\u015fmak, bizim i\u00e7in sadece bir standart de\u011fil; ayn\u0131 zamanda do\u011faya, \u00fcreticiye ve gelece\u011fe duydu\u011fumuz sayg\u0131n\u0131n bir yans\u0131mas\u0131. Bu tercih, kahvenin kalitesini art\u0131r\u0131rken ayn\u0131 zamanda daha adil ve dengeli bir \u00fcretim s\u00fcrecini destekliyor.<br>Bu yakla\u015f\u0131m, yaln\u0131zca kahvenin kayna\u011f\u0131nda de\u011fil; ma\u011faza deneyiminde, i\u015f birliklerinde ve ileti\u015fim dilimizde de kendini g\u00f6steriyor. \u00c7\u00fcnk\u00fc biz s\u00fcrd\u00fcr\u00fclebilirli\u011fi anlatmaktan \u00e7ok, her g\u00fcn yeniden hayata ge\u00e7irmeyi \u00f6nemsiyoruz.<\/p>\n\n\n\n<h2 class=\"wp-block-heading\">5. Kahvenin \u00d6tesinde Bir Deneyim<\/h2>\n\n\n\n<p>Caribou Coffee olarak biz, kahveyi yaln\u0131zca bir \u00fcr\u00fcn olarak g\u00f6rm\u00fcyoruz; her fincan\u0131n arkas\u0131nda bir deneyim, bir rit\u00fcel ve bir ba\u011f oldu\u011funa inan\u0131yoruz. G\u00fcn\u00fcn herhangi bir an\u0131nda, k\u0131sa bir mola ya da uzun bir sohbetin e\u015flik\u00e7isi olan kahve, bizim i\u00e7in her zaman daha fazlas\u0131n\u0131 ifade ediyor.<br>\u201cTohumdan fincana\u201d yakla\u015f\u0131m\u0131m\u0131z, sadece kaliteyi de\u011fil, ayn\u0131 zamanda s\u00fcrecin her a\u015famas\u0131na g\u00f6sterdi\u011fimiz \u00f6zeni ifade ediyor. Kahve \u00e7ekirde\u011finin kayna\u011f\u0131ndan ba\u015flayarak kavrulmas\u0131na, haz\u0131rlan\u0131\u015f\u0131ndan sunumuna kadar uzanan bu yolculukta, her detay ayn\u0131 hassasiyetle ele al\u0131n\u0131yor.<br>Her ma\u011fazam\u0131zda ayn\u0131 hissi yaratmaya \u00e7al\u0131\u015f\u0131yoruz. Tan\u0131d\u0131k ama s\u0131radan olmayan, s\u0131cak ama \u00f6zenli bir deneyim. \u00c7\u00fcnk\u00fc bizim i\u00e7in kahve, yaln\u0131zca i\u00e7ilen bir i\u00e7ecek de\u011fil; o an\u0131 daha anlaml\u0131 k\u0131lan bir e\u015flik\u00e7i.<\/p>\n\n\n\n<h2 class=\"wp-block-heading\">6. Bir Miras\u0131n Hikayesi: Amy\u2019s Blend ve Kad\u0131n G\u00fcc\u00fc<\/h2>\n\n\n\n<p>Caribou Coffee\u2019nin en \u00f6zel harmanlar\u0131ndan biri olan Amy\u2019s Blend, yaln\u0131zca bir kahve de\u011fil; bir hik\u00e2yeyi, bir miras\u0131 ve g\u00fc\u00e7l\u00fc bir amac\u0131 temsil ediyor.<br>Ad\u0131n\u0131 markan\u0131n ilk kavurma ustalar\u0131ndan biri olan Amy Erickson\u2019dan alan bu \u00f6zel harman, onun kahveye olan tutkusu, ya\u015fam enerjisi ve insanlara dokunan yakla\u015f\u0131m\u0131n\u0131 ya\u015fatmaya devam ediyor. Amy\u2019nin hik\u00e2yesi bug\u00fcn, d\u00fcnyan\u0131n farkl\u0131 co\u011frafyalar\u0131nda kahve \u00fcretiminde yer alan kad\u0131nlar\u0131n g\u00fc\u00e7lenmesine ilham veren bir yap\u0131ya d\u00f6n\u00fc\u015fm\u00fc\u015f durumda. T\u00fcrkiye\u2019de \u015fu an i\u00e7in Amy&#8217;s Blend \u00fcr\u00fcn\u00fc bulunmasa da, bu harman\u0131n temsil etti\u011fi de\u011ferler markan\u0131n global yakla\u015f\u0131m\u0131n\u0131 yans\u0131t\u0131yor. Kad\u0131n \u00fcreticilerin daha g\u00f6r\u00fcn\u00fcr oldu\u011fu, eme\u011fin daha adil payla\u015f\u0131ld\u0131\u011f\u0131 ve f\u0131rsat e\u015fitli\u011finin desteklendi\u011fi bir kahve ekosistemi olu\u015fturma fikri, gelece\u011fe y\u00f6nelik \u00f6nemli bir ilham kayna\u011f\u0131 sunuyor.<br>Bu \u00f6zel harmanda kullan\u0131lan \u00e7ekirdekler, b\u00fcy\u00fck \u00f6l\u00e7\u00fcde kad\u0131nlar\u0131n aktif rol ald\u0131\u011f\u0131 \u00e7iftliklerden se\u00e7iliyor. Her fincanda hissedilen narenciye notalar\u0131, dengeli g\u00f6vde ve yumu\u015fak i\u00e7im, yaln\u0131zca bir tat profili de\u011fil; ayn\u0131 zamanda bu eme\u011fin ve \u00f6zenin bir sonucu.<br>Caribou Coffee olarak biz, kahvenin yaln\u0131zca bir i\u00e7ecek de\u011fil; ayn\u0131 zamanda bir etki alan\u0131 oldu\u011funa inan\u0131yoruz. Amy\u2019s Blend ile bu etkiyi daha kapsay\u0131c\u0131, daha adil ve daha s\u00fcrd\u00fcr\u00fclebilir bir yap\u0131ya d\u00f6n\u00fc\u015ft\u00fcrmeyi hedefliyoruz.<\/p>\n\n\n\n<h2 class=\"wp-block-heading\">7. S\u00fcrd\u00fcr\u00fclebilir Bir Gelecek, E\u015fit Bir Kahve Deneyimi<\/h2>\n\n\n\n<p>Caribou Coffee olarak kahve tutkumuzu, gezegenimize ve topluma duydu\u011fumuz sorumlulukla birlikte ele al\u0131yoruz. Bu yakla\u015f\u0131m\u0131n bir yans\u0131mas\u0131 olarak, bitkisel s\u00fct se\u00e7eneklerimizi ek \u00fccret olmadan sunarak daha kapsay\u0131c\u0131 ve s\u00fcrd\u00fcr\u00fclebilir bir kahve deneyimi olu\u015fturmay\u0131 hedefliyoruz.<br>T\u00fcrkiye\u2019de \u015fu an i\u00e7in b\u00f6yle bir uygulama bulunmasa da, bitkisel s\u00fct alternatiflerinin daha eri\u015filebilir hale gelmesinin gelecekte daha adil ve bilin\u00e7li bir t\u00fcketim anlay\u0131\u015f\u0131na katk\u0131 sa\u011flayaca\u011f\u0131na inan\u0131yoruz.<br>Bu karar, yaln\u0131zca bir fiyat d\u00fczenlemesi de\u011fil; ayn\u0131 zamanda herkesin kendi tercihini \u00f6zg\u00fcrce yapabildi\u011fi, daha adil ve bilin\u00e7li bir t\u00fcketim anlay\u0131\u015f\u0131n\u0131n bir par\u00e7as\u0131.<br>Hayvansal s\u00fct \u00fcretiminin \u00e7evresel etkileri g\u00f6z \u00f6n\u00fcnde bulunduruldu\u011funda, bitkisel alternatiflerin daha d\u00fc\u015f\u00fck su t\u00fcketimi ve karbon ayak iziyle \u00f6ne \u00e7\u0131kt\u0131\u011f\u0131 biliniyor. Yulaf, badem ve soya s\u00fct\u00fc gibi se\u00e7enekleri daha eri\u015filebilir hale getirerek, misafirlerimizin her fincanda daha s\u00fcrd\u00fcr\u00fclebilir bir tercih yapmas\u0131n\u0131 kolayla\u015ft\u0131r\u0131yoruz.<br>Ayn\u0131 zamanda bu yakla\u015f\u0131m, beslenme tercihlerine ve ihtiya\u00e7lar\u0131na duydu\u011fumuz sayg\u0131n\u0131n da bir g\u00f6stergesi. Vegan ya\u015fam tarz\u0131n\u0131 benimseyen ya da laktoz intolerans\u0131 gibi sebeplerle farkl\u0131 alternatiflere y\u00f6nelen misafirlerimizin, bu tercihlerinden dolay\u0131 ekstra bir maliyetle kar\u015f\u0131la\u015fmamas\u0131 gerekti\u011fine inan\u0131yoruz.<br>Caribou Coffee\u2019de ki\u015fiselle\u015ftirme bir ayr\u0131cal\u0131k de\u011fil; deneyimin do\u011fal bir par\u00e7as\u0131d\u0131r. \u00c7\u00fcnk\u00fc bizim i\u00e7in iyi kahve, sadece lezzetle de\u011fil; eri\u015filebilirlik, \u00e7e\u015fitlilik ve sorumlulukla tamamlan\u0131r.<br>Bu anlay\u0131\u015fla, her fincanda yaln\u0131zca kahve de\u011fil; daha dengeli ve daha kapsay\u0131c\u0131 bir gelece\u011fe do\u011fru at\u0131lm\u0131\u015f k\u00fc\u00e7\u00fck ama anlaml\u0131 bir ad\u0131m sunuyoruz.<\/p>\n","protected":false},"excerpt":{"rendered":"<p>1. Perakende G\u00fcnleri\u2019nde Bir Araya Geldik 29\u201330 May\u0131s tarihlerinde Hali\u00e7 Kongre Merkezi\u2019nde ger\u00e7ekle\u015fen Perakende G\u00fcnleri, sekt\u00f6r\u00fcn farkl\u0131 payda\u015flar\u0131n\u0131 bir araya getirirken, bizim i\u00e7in de \u00f6nemli bir bulu\u015fma noktas\u0131 oldu. Caribou Coffee MENA ve T\u00fcrkiye CEO\u2019su ile T\u00fcrkiye Genel M\u00fcd\u00fcr\u00fc\u2019n\u00fcn kat\u0131l\u0131m\u0131yla ger\u00e7ekle\u015fen bulu\u015fmada, bas\u0131n mensuplar\u0131yla markan\u0131n T\u00fcrkiye\u2019deki konumlanmas\u0131 ve gelecek vizyonu \u00fczerine kapsaml\u0131 bir sohbet ger\u00e7ekle\u015ftirildi. [&hellip;]<\/p>\n","protected":false},"author":1,"featured_media":0,"parent":0,"menu_order":0,"comment_status":"closed","ping_status":"closed","template":"","meta":{"_acf_changed":false,"footnotes":""},"class_list":["post-403","page","type-page","status-publish","hentry"],"blocksy_meta":{"has_hero_section":"enabled","styles_descriptor":{"styles":{"desktop":"[data-prefix=\"single_page\"] .entry-header .page-title {--theme-font-size:30px;} [data-prefix=\"single_page\"] .entry-header .entry-meta {--theme-font-weight:600;--theme-text-transform:uppercase;--theme-font-size:12px;--theme-line-height:1.3;}","tablet":"","mobile":""},"google_fonts":[],"version":6}},"acf":[],"_links":{"self":[{"href":"https:\/\/test.cariboucoffee.com.tr\/index.php?rest_route=\/wp\/v2\/pages\/403","targetHints":{"allow":["GET"]}}],"collection":[{"href":"https:\/\/test.cariboucoffee.com.tr\/index.php?rest_route=\/wp\/v2\/pages"}],"about":[{"href":"https:\/\/test.cariboucoffee.com.tr\/index.php?rest_route=\/wp\/v2\/types\/page"}],"author":[{"embeddable":true,"href":"https:\/\/test.cariboucoffee.com.tr\/index.php?rest_route=\/wp\/v2\/users\/1"}],"replies":[{"embeddable":true,"href":"https:\/\/test.cariboucoffee.com.tr\/index.php?rest_route=%2Fwp%2Fv2%2Fcomments&post=403"}],"version-history":[{"count":2,"href":"https:\/\/test.cariboucoffee.com.tr\/index.php?rest_route=\/wp\/v2\/pages\/403\/revisions"}],"predecessor-version":[{"id":1012,"href":"https:\/\/test.cariboucoffee.com.tr\/index.php?rest_route=\/wp\/v2\/pages\/403\/revisions\/1012"}],"wp:attachment":[{"href":"https:\/\/test.cariboucoffee.com.tr\/index.php?rest_route=%2Fwp%2Fv2%2Fmedia&parent=403"}],"curies":[{"name":"wp","href":"https:\/\/api.w.org\/{rel}","templated":true}]}}